 + 7*g**2. What is the remainder when 25 is divided by a(4)?
12
Let f(z) = -3*z + 4. Let s(q) = -q - 1. Let c(y) = -f(y) + 6*s(y). Suppose 5*d + 2 - 1 = 2*x, 3*x + 4*d = -33. What is the remainder when 20 is divided by c(x)?
9
Let d(s) = s**3 - 19*s**2 - s + 24. Calculate the remainder when 19 is divided by d(19).
4
Let y be ((-4)/(-6))/(3/(-135)). What is the remainder when (-670)/(-18) - y/(-135) is divided by 13?
11
Let u be 7*-2*(-11)/11. What is the remainder when 19 is divided by u + 0 + (-4)/1?
9
Let c(z) = 4*z + 6. Let r be c(5). Let a = -5 + r. Suppose -2*g - 22 = -4*g. What is the remainder when a is divided by g?
10
Suppose 0*k + k - 11 = 0. What is the remainder when 42 is divided by k?
9
Suppose 7*a - 175 - 154 = 0. What is the remainder when a is divided by 29?
18
Let v = -10 + 13. What is the remainder when 12 is divided by ((-40)/15)/((-2)/v)?
0
Let b(a) = -a**3 + 8*a**2 + 9*a + 10. Let c be b(9). Suppose 65 = l - c. What is the remainder when l is divided by 26?
23
Suppose d + 4*s + 8 = 0, d + 0*s - 13 = 3*s. Suppose 5*x - b - 166 = 2*b, 3*x - 104 = d*b. Suppose 0*v + 17 = v. What is the remainder when x is divided by v?
15
Let g(b) = b**2 - 2*b + 1. Suppose 0 = c + 3*c - 4*y - 44, 2*c + 2*y = 42. Suppose c = f + 3*f. Calculate the remainder when 26 is divided by g(f).
8
Suppose -2*c = 4*v - 7*c - 168, -2*v + 4*c + 90 = 0. Calculate the remainder when v is divided by 19.
18
Suppose -2*o - 18 = -5*o. Let j(x) = 7*x - 1. Calculate the remainder when j(o) is divided by 11.
8
Let f = 148 + -87. What is the remainder when f is divided by 32?
29
Let t = -41 + 48. Calculate the remainder when t is divided by 5.
2
Suppose -6*n - 1 + 43 = 0. What is the remainder when 60 is divided by n?
4
Let s(v) = 2*v + 5. Suppose -9*b = -4*b - 55. What is the remainder when s(b) is divided by 7?
6
Suppose -2*r + 285 = -7*r. Let t = -24 - r. Calculate the remainder when t is divided by 9.
6
Let z(j) = 2*j - 5 + 1 - 1 + j. What is the remainder when 64 is divided by z(6)?
12
Let t = -1 - -6. Suppose 6*h + 10 = 11*h. Calculate the remainder when t is divided by h.
1
Suppose -5*z - 47 = -3*c, 5*c = -2*z + c + 2. Suppose 0 = 3*v - 2*x - 22, 6*x = -5*v + 3*x + 5. Let u = v - z. Calculate the remainder when 20 is divided by u.
9
Let x(y) = 23*y**2 + 1. Suppose 4*b - 22 = 2*j, b + 0*j - 2 = -3*j. Suppose 71 = b*v + 2*t, 2*v - t + 1 = 24. What is the remainder when x(-1) is divided by v?
11
Let r = 281 - 280. Let u = 1 - 0. What is the remainder when u is divided by r?
0
Suppose 26*b - 35*b = -225. Calculate the remainder when 62 is divided by b.
12
Suppose -3*q - u + 17 = -5*q, -4*q - 5*u = -1. Let o = q + 17. Calculate the remainder when o is divided by 4.
3
Suppose -2*f - f = 3*m + 36, -m = 5*f + 68. Let t = 25 + f. Let b(h) = -2*h**3 + h**2. What is the remainder when b(-2) is divided by t?
9
Let g be ((-28)/(-35))/((-1)/5). Let j be ((-530)/15)/(g/6). Suppose -j = 4*z - 5*z. Calculate the remainder when z is divided by 18.
17
Let m(h) = h**2 - 4*h + 6. Suppose -14*z + 16*z = 10. Calculate the remainder when 21 is divided by m(z).
10
Let j(t) = 10*t - 31. Let g(u) = 7*u - 21. Let p(h) = 7*g(h) - 5*j(h). Calculate the remainder when 44 is divided by p(-7).
14
What is the remainder when 3 is divided by (-3)/(5 + -11) + (-1)/(-2)?
0
Suppose -2*h - 15 = 3*h. Calculate the remainder when 33 is divided by 34/h*3/(-2).
16
Suppose -d + 4*j + 9 = 8*j, d - j = 4. Suppose -2*g + 22 = -0*g - 2*t, d*t = g - 19. Calculate the remainder when 24 is divided by g.
6
Let c(h) = h**3 - h + 18. Let b be 0/(3 - (2 - 2)). Calculate the remainder when 34 is divided by c(b).
16
Let v = 73 - 44. Let g = v + -7. What is the remainder when g is divided by 8?
6
Let r = 160 - 154. What is the remainder when 44 is divided by r?
2
Let m = 69 - 36. Suppose m = l + 2*l. Calculate the remainder when l is divided by 3.
2
Suppose -3*c - 8 + 20 = 0. Calculate the remainder when 27 is divided by c/(-6) - (-23)/3.
6
Let p(v) = -2*v**2 + 3*v**2 + v - 1 + v**2 + 0*v**2. What is the remainder when p(2) is divided by 5?
4
Suppose -4*v = -5*t - 18, 2*t + 3*t + 12 = v. Let w = -3 + 7. What is the remainder when w is divided by v?
0
Let o(z) = 4*z**2 + 2*z - 1. Let r be o(-3). Let w = 40 - r. What is the remainder when 63 is divided by w?
8
Calculate the remainder when 77 is divided by 11*2 + -1 + -1.
17
Suppose -24 = -2*o + 16. What is the remainder when 39 is divided by o?
19
Let x = 6 + 5. Let p = -6 + x. Suppose 0 = -t + 1 + 2. Calculate the remainder when p is divided by t.
2
Suppose 3*l - 7 = -1. Suppose -51 = l*h - 5*h. Calculate the remainder when h is divided by 9.
8
What is the remainder when 2/((-2)/(-30)*6) is divided by 4?
1
Let u(c) = 4*c**3 + 1. Let t be (3/(-2))/(15/(-20)). Suppose -13 = -t*r + 5. What is the remainder when r is divided by u(1)?
4
Suppose -p + 40 = -40. Suppose 4 = 7*b - p. What is the remainder when 21 is divided by b?
9
Suppose 6*a - 62 - 310 = 0. Calculate the remainder when a is divided by 22.
18
Suppose -f + 2*f - 23 = 0. Calculate the remainder when f is divided by 1*5*(-16)/(-10).
7
Suppose -4*f = -5*a - 0*f + 126, 2*f - 36 = -2*a. What is the remainder when a is divided by 5?
2
Suppose -14 = -2*p + 3*k + 11, 4*p - 53 = 3*k. Suppose 4*x + 4*c - 68 = 0, 64 = 4*x - 0*c + 3*c. Let y = x - 8. What is the remainder when p is divided by y?
4
Suppose -k - 4*n = -0*n - 80, 0 = 2*k + 4*n - 180. Calculate the remainder when k is divided by 26.
22
Let g(y) = -y - 1. Let f = -2 - -5. Suppose -4*b - 17 = -f*u, 2*b - 6 = 4*u - 22. Calculate the remainder when g(-6) is divided by u.
2
Let z(u) = u - 1. Let s be z(3). What is the remainder when (-57)/(s/((-12)/9)) is divided by 10?
8
Let r be 5*1*(-3 + 4). Suppose 9 = 2*m - r. What is the remainder when 0 - 0 - (1 - 27) is divided by m?
5
Let l = 28 - 76. Let d = -8 - l. Calculate the remainder when d is divided by 14.
12
Suppose 486 - 61 = 5*f. What is the remainder when f is divided by 29?
27
Suppose v + m + 22 = -m, v - 3*m + 12 = 0. Let t = 26 + v. Suppose -z = -4*h - 34, 0*z + 5*h - 51 = -3*z. What is the remainder when z is divided by t?
6
Suppose 3*t + r - 36 = 0, -5*r - 14 + 7 = -2*t. What is the remainder when t is divided by 5?
1
Let n = 58 + -44. What is the remainder when 53 is divided by n?
11
Let r = -25 + 29. Let h(m) = -m + 4. Calculate the remainder when h(-6) is divided by r.
2
Let s(f) = -8 - 3*f - 3 - f. Calculate the remainder when s(-9) is divided by 4/(-14) + (-65)/(-7).
7
Suppose 8*p - 3*p - 5 = 0. Let d(x) = x**3 + 4*x**2 - 2*x - 6. Suppose 3*n = 5*i + 7*n, 0 = 3*i + 4*n - 8. What is the remainder when d(i) is divided by p?
0
Suppose -h = 5*s - 55, -11 = -s - 2*h - 2*h. Suppose -3*k + 8*k - 15 = 0. What is the remainder when s is divided by k?
2
Let g(p) = -12*p + 1. Suppose 3*n + 1 + 2 = 0. What is the remainder when 51 is divided by g(n)?
12
Let j(g) be the first derivative of 2*g**3/3 + 6*g**2 - 8*g - 5. What is the remainder when j(-9) is divided by 16?
14
Let t be ((-3)/9)/((-1)/6). Suppose 6*c = t*c + 8. Suppose a = -3*q - 5, 11 = -a - 5*q + 2. Calculate the remainder when c is divided by a.
0
Let q = -14 + 24. Let x = 77 + -49. Calculate the remainder when x is divided by q.
8
Let m be (-10)/(-14) + (-6)/(-21). Let w be 1*((0 - m) + 1). Suppose 3*o + w = 30. Calculate the remainder when 18 is divided by o.
8
What is the remainder when (-2)/(-1 - 24/(-27)) is divided by 10?
8
Let l(d) = 6*d - 7*d - 1 - 14*d**2 + 0. Let c be l(-2). Calculate the remainder when -3 + (-3 - c - 3) is divided by 16.
14
Let n(i) = -i**3 - 10*i**2 - 6*i. Let p be n(-10). Suppose 90 = 3*d - p. Calculate the remainder when d is divided by 17.
16
Let p = 3 + -3. Let k(a) = -a**2 + 6. Suppose t - 4*z = 37, -65 = -5*t - 2*z - 2*z. Calculate the remainder when t is divided by k(p).
5
Let c(l) = -l**3 + 6*l**2 - 2*l - 1. Let b be c(5). Let k = b - -1. What is the remainder when k is divided by 9?
6
Suppose -4*z + 8 = 0, 8*v - 6*v - 5*z - 130 = 0. What is the remainder when v is divided by 4?
2
Let z(q) = q. Let o(s) = 3*s + 9. Let x(r) = o(r) - 4*z(r). Let n be x(5). Suppose n*y + 36 = 184. Calculate the remainder when y is divided by 13.
11
Suppose 2*s = 3*w - w + 12, -16 = -5*s - 2*w. Suppose -5*g + s*g = -10. What is 